{"id":784,"date":"2019-10-21T13:34:58","date_gmt":"2019-10-21T10:34:58","guid":{"rendered":"https:\/\/www.nhd-play.eu\/game\/?page_id=784"},"modified":"2019-12-16T14:14:25","modified_gmt":"2019-12-16T11:14:25","slug":"ad","status":"publish","type":"page","link":"https:\/\/www.nhd-play.eu\/game\/es\/ad\/","title":{"rendered":"Los cinco d\u00edas negros"},"content":{"rendered":"\n<figure class=\"wp-block-audio\"><audio controls src=\"https:\/\/www.nhd-play.eu\/game\/wp-content\/uploads\/2019\/12\/Hola-Esp.mp3\" autoplay><\/audio><\/figure>\n\n\n\n<div class=\"wp-block-image\"><figure class=\"alignright is-resized\"><a href=\"https:\/\/www.nhd-play.eu\/game\/es\/day-one-esp\/\"><img decoding=\"async\" loading=\"lazy\" src=\"https:\/\/www.nhd-play.eu\/game\/wp-content\/uploads\/2019\/10\/kids-intro.png\" alt=\"\" class=\"wp-image-460\" width=\"304\" height=\"300\" srcset=\"https:\/\/www.nhd-play.eu\/game\/wp-content\/uploads\/2019\/10\/kids-intro.png 483w, https:\/\/www.nhd-play.eu\/game\/wp-content\/uploads\/2019\/10\/kids-intro-300x296.png 300w, https:\/\/www.nhd-play.eu\/game\/wp-content\/uploads\/2019\/10\/kids-intro-50x50.png 50w, https:\/\/www.nhd-play.eu\/game\/wp-content\/uploads\/2019\/10\/kids-intro-100x100.png 100w\" sizes=\"(max-width: 304px) 100vw, 304px\" \/><\/a><figcaption>            <strong>Enjoy the game and good luck!<\/strong><\/figcaption><\/figure><\/div>\n\n\n\n<p style=\"color:#ffffff;font-size:24px\" class=\"has-text-color has-drop-cap\">Hola,  El mundo es un lugar precioso, aunque a veces pasan cosas malas y debemos estar preparadas. Est\u00e1s a punto de empezar una maravillosa aventura, d\u00f3nde solo las mejores van a sobrevivir. <br> Vas a tener que demostrar todo tu conocimiento y habilidades para superar diversas situaciones cr\u00edticas. Es importante que sobrevivas, pero tambi\u00e9n vas a tener que ayudar a otras personas con problemas. Para poder con todo esto, vas a tener que dar lo mejor de ti, para conseguir puntos e insignias. <br> \u00a1Ens\u00e9\u00f1anos de que est\u00e1s hecha!<\/p>\n\n\n\n<p style=\"font-size:28px\" class=\"has-text-color has-orange-color\"> Las normas del juego<\/p>\n\n\n\n<figure class=\"wp-block-audio\"><audio controls src=\"https:\/\/www.nhd-play.eu\/game\/wp-content\/uploads\/2019\/12\/Rules-Esp.mp3\"><\/audio><\/figure>\n\n\n\n<div class=\"wp-block-word-balloon-word-balloon-block\"><div class=\"w_b_box w_b_w100 w_b_flex w_b_div\"><div class=\"w_b_wrap w_b_wrap_round_2 w_b_L w_b_flex w_b_div\" style=\"\"><div class=\"w_b_ava_box w_b_relative w_b_ava_L w_b_mta w_b_col w_b_jc_fe w_b_col w_b_f_n w_b_div\"><div class=\"w_b_icon_wrap w_b_relative w_b_div\"><div class=\"w_b_ava_wrap w_b_direction_L w_b_mp0 w_b_div\"><div class=\"w_b_ava_effect w_b_relative w_b_oh w_b_radius w_b_size_L w_b_div\" style=\"\">\n<img src=\"https:\/\/www.nhd-play.eu\/game\/wp-content\/uploads\/2019\/10\/firefighter01-300x277.png\" width=\"128\" height=\"128\" alt=\"Young Firmen 2\" class=\"w_b_ava_img w_b_w100 w_b_h100  w_b_mp0 w_b_img\" style=\"\" \/>\n<\/div><\/div><\/div><div class=\"w_b_name w_b_w100 w_b_lh w_b_name_C w_b_ta_C w_b_mp0 w_b_div\">Young Firmen 2<\/div><\/div><div class=\"w_b_bal_box w_b_bal_L w_b_relative w_b_direction_L w_b_w100 w_b_mta w_b_flex w_b_col w_b_jc_fe w_b_div\"><div class=\"w_b_bal_outer w_b_flex w_b_mp0 w_b_relative w_b_div\" style=\"\"><div class=\"w_b_bal_wrap w_b_bal_wrap_L w_b_div\"><div class=\"w_b_bal w_b_relative w_b_round_2 w_b_round_2_L w_b_shadow_L w_b_ta_L w_b_div\" style=\"border:solid #2c7dfa 14px;color:#2f3633;font-size:21px;\"><div class=\"w_b_quote w_b_div\"><p>La ciudad se enfrenta a la peor semana de la historia. <br><br>Cada d\u00eda va a suceder un desastre diferente. Cada desastre es un nivel del juego que debes pasar con los m\u00e1ximos puntos posibles. <br><br>En cada nivel tendr\u00e1s que superar 5 pruebas diferentes en forma de tareas, cuestionarios y desaf\u00edos, que te van a dar 20 puntos por cada prueba superada. As\u00ed que la m\u00e1xima puntuaci\u00f3n son 100 puntos y necesitas obtener como m\u00ednimo 60 para superar el reto y pasar de nivel. Las que superen los niveles con la puntuaci\u00f3n m\u00e1xima o con mayor puntuaci\u00f3n respecto los dem\u00e1s, van a obtener la insignia de ganadores temporales. <br><br>Al final de la semana, las sobrevivientes ser\u00e1n aquellas que tengan m\u00e1s 300 puntos, mientras que la ganadora va a ser la persona que haya conseguido los m\u00e1ximos puntos del total de 500. Como recompensa a su conocimiento, el ganador recibir\u00e1 un premio: una camisita con el logo del proyecto.  <br><br> \u00a1Demuestra que eras la mejor! \u00a1Gana insignias durante todo el recorrido hasta el final ganando los m\u00e1ximos puntos posibles! \u00a1S\u00e9 la n\u00famero 1 en la clasificaci\u00f3n general y convi\u00e9rtete en campeona del juego y en una hero\u00edna ejemplar! Gana una camiseta del JUEGO NHD PLAY.<br><br>As\u00ed que, \u00a1empecemos!<br>Es una bonita ma\u00f1ana fuera y parece que va a ser un d\u00eda fant\u00e1stico. De repente, una cosa inesperada sucede\u2026<\/p><\/div><\/div><\/div><\/div><div class=\"w_b_space w_b_mp0 w_b_div\"><svg version=\"1.1\" xmlns=\"http:\/\/www.w3.org\/2000\/svg\" xmlns:xlink=\"http:\/\/www.w3.org\/1999\/xlink\" x=\"0px\" y=\"0px\" width=\"1\" height=\"14\" viewBox=\"0 0 1 1\" fill=\"transparent\" stroke=\"transparent\" stroke-miterlimit=\"10\" class=\"w_b_db w_b_mp0\"><polygon fill=\"transparent\" stroke=\"transparent\" points=\"0,1 0,1 0,1 0,1 \"\/><\/svg><\/div><\/div><\/div><\/div><\/div>\n\n\n\n<p style=\"text-align:center\" class=\"has-larger-font-size\"><a href=\"https:\/\/www.nhd-play.eu\/game\/es\/day-one-esp\/\">           <\/a><br> <br><a href=\"https:\/\/www.nhd-play.eu\/game\/es\/day-one-esp\/\">Adelante <\/a><\/p>\n\n\n\n<div class=\"wp-block-image\"><figure class=\"aligncenter is-resized\"><a href=\"https:\/\/www.nhd-play.eu\/game\/es\/day-one-esp\/\"><img decoding=\"async\" loading=\"lazy\" src=\"https:\/\/www.nhd-play.eu\/game\/wp-content\/uploads\/2019\/12\/iconfinder_002_-_fast_forward_2949708.png\" alt=\"\" class=\"wp-image-1957\" width=\"77\" height=\"77\" srcset=\"https:\/\/www.nhd-play.eu\/game\/wp-content\/uploads\/2019\/12\/iconfinder_002_-_fast_forward_2949708.png 128w, https:\/\/www.nhd-play.eu\/game\/wp-content\/uploads\/2019\/12\/iconfinder_002_-_fast_forward_2949708-50x50.png 50w, https:\/\/www.nhd-play.eu\/game\/wp-content\/uploads\/2019\/12\/iconfinder_002_-_fast_forward_2949708-100x100.png 100w\" sizes=\"(max-width: 77px) 100vw, 77px\" \/><\/a><\/figure><\/div>\n","protected":false},"excerpt":{"rendered":"<p>Hola, El mundo es un lugar precioso, aunque a veces pasan cosas malas y debemos estar preparadas. Est\u00e1s a punto de empezar una maravillosa aventura,&hellip;<\/p>\n","protected":false},"author":1,"featured_media":2120,"parent":0,"menu_order":0,"comment_status":"closed","ping_status":"closed","template":"","meta":{"inline_featured_image":false,"footnotes":""},"_links":{"self":[{"href":"https:\/\/www.nhd-play.eu\/game\/wp-json\/wp\/v2\/pages\/784"}],"collection":[{"href":"https:\/\/www.nhd-play.eu\/game\/wp-json\/wp\/v2\/pages"}],"about":[{"href":"https:\/\/www.nhd-play.eu\/game\/wp-json\/wp\/v2\/types\/page"}],"author":[{"embeddable":true,"href":"https:\/\/www.nhd-play.eu\/game\/wp-json\/wp\/v2\/users\/1"}],"replies":[{"embeddable":true,"href":"https:\/\/www.nhd-play.eu\/game\/wp-json\/wp\/v2\/comments?post=784"}],"version-history":[{"count":23,"href":"https:\/\/www.nhd-play.eu\/game\/wp-json\/wp\/v2\/pages\/784\/revisions"}],"predecessor-version":[{"id":2413,"href":"https:\/\/www.nhd-play.eu\/game\/wp-json\/wp\/v2\/pages\/784\/revisions\/2413"}],"wp:featuredmedia":[{"embeddable":true,"href":"https:\/\/www.nhd-play.eu\/game\/wp-json\/wp\/v2\/media\/2120"}],"wp:attachment":[{"href":"https:\/\/www.nhd-play.eu\/game\/wp-json\/wp\/v2\/media?parent=784"}],"curies":[{"name":"wp","href":"https:\/\/api.w.org\/{rel}","templated":true}]}}